{"id":258,"date":"2023-04-01T09:34:53","date_gmt":"2023-04-01T09:34:53","guid":{"rendered":"https:\/\/koednitzhof.at\/gasthof\/?page_id=258"},"modified":"2026-03-04T19:08:00","modified_gmt":"2026-03-04T18:08:00","slug":"gaesteinformationen","status":"publish","type":"page","link":"https:\/\/koednitzhof.at\/gasthof\/index.php\/gaesteinformationen\/","title":{"rendered":"G\u00e4steinformationen &#8211; Das wichtigste auf einem Blick"},"content":{"rendered":"\n<h5 class=\"wp-block-heading\">K\u00fcchenbetrieb<\/h5>\n\n\n\n<p>Unsere K\u00fcche ist von 12:00-14:00 Uhr und 18:00-21:00 Uhr. Dienstag haben wir Ruhetag. <\/p>\n\n\n\n<h5 class=\"wp-block-heading\">Fr\u00fchst\u00fcck<\/h5>\n\n\n\n<p>Derzeit bieten wir unser Fr\u00fchst\u00fcck von 08:00 Uhr bis 10:00 Uhr an.<\/p>\n\n\n\n<h5 class=\"wp-block-heading\">Anreise<\/h5>\n\n\n\n<p>Gerne begr\u00fc\u00dfen wir Sie bei uns im Haus von 14:00 Uhr bis 22:00 Uhr.<\/p>\n\n\n\n<h5 class=\"wp-block-heading\">Abreise<\/h5>\n\n\n\n<p>Wir ersuchen Sie, am Abreisetag das Zimmer bis 10:00 Uhr freizugeben, und bitten Sie die Kosten f\u00fcr die Konsumationen und das Zimmer am Vortag der Abreise zu begleichen. Danach bewahren wir Ihr Gep\u00e4ck gerne f\u00fcr Sie auf.<\/p>\n\n\n\n<h5 class=\"wp-block-heading\">Arzt und Apotheke<\/h5>\n\n\n\n<p>Im Untergeschoss des Hauses besucht uns jeden Dienstag von 8:00 Uhr bis 11:00 Uhr Frau Dr. Silvia Weger.<br>Die n\u00e4chstgelegene Apotheke ist die Tauernapotheke in Matrei in Osttirol. Diese befindet sich in der Tauerntalstra\u00dfe 5 in 9971 Matrei in Osttirol.<\/p>\n\n\n\n<h5 class=\"wp-block-heading\">Bank<\/h5>\n\n\n\n<p>Gegen\u00fcber befindet sich die Raiffeisenbank Kals.<\/p>\n\n\n\n<h5 class=\"wp-block-heading\">Flughafentransfer<\/h5>\n\n\n\n<p>Wir arrangieren gerne ein Taxi f\u00fcr Sie mit unserem hauseigenen Fahrdienst. <br>(zus\u00e4tzliche Kosten)<\/p>\n\n\n\n<h5 class=\"wp-block-heading\">Hunde<\/h5>\n\n\n\n<p>Bei uns im Haus sind Hunde <strong>auf Anfrage<\/strong> gerne Willkommen. Hierf\u00fcr fallen zus\u00e4tzliche Geb\u00fchren an.<\/p>\n","protected":false},"excerpt":{"rendered":"<p>K\u00fcchenbetrieb Unsere K\u00fcche ist von 12:00-14:00 Uhr und 18:00-21:00 Uhr. Dienstag haben wir Ruhetag. Fr\u00fchst\u00fcck Derzeit bieten wir unser Fr\u00fchst\u00fcck von 08:00 Uhr bis 10:00 Uhr an. Anreise Gerne begr\u00fc\u00dfen wir Sie bei uns im Haus von 14:00 Uhr bis 22:00 Uhr. Abreise Wir ersuchen Sie, am Abreisetag das Zimmer bis 10:00 Uhr freizugeben, und [&hellip;]<\/p>\n","protected":false},"author":1,"featured_media":0,"parent":0,"menu_order":0,"comment_status":"closed","ping_status":"closed","template":"","meta":{"site-sidebar-layout":"default","site-content-layout":"","ast-site-content-layout":"default","site-content-style":"default","site-sidebar-style":"default","ast-global-header-display":"","ast-banner-title-visibility":"","ast-main-header-display":"","ast-hfb-above-header-display":"","ast-hfb-below-header-display":"","ast-hfb-mobile-header-display":"","site-post-title":"","ast-breadcrumbs-content":"","ast-featured-img":"","footer-sml-layout":"","theme-transparent-header-meta":"","adv-header-id-meta":"","stick-header-meta":"","header-above-stick-meta":"","header-main-stick-meta":"","header-below-stick-meta":"","astra-migrate-meta-layouts":"set","ast-page-background-enabled":"default","ast-page-background-meta":{"desktop":{"background-color":"var(--ast-global-color-4)","background-image":"","background-repeat":"repeat","background-position":"center center","background-size":"auto","background-attachment":"scroll","background-type":"","background-media":"","overlay-type":"","overlay-color":"","overlay-opacity":"","overlay-gradient":""},"tablet":{"background-color":"","background-image":"","background-repeat":"repeat","background-position":"center center","background-size":"auto","background-attachment":"scroll","background-type":"","background-media":"","overlay-type":"","overlay-color":"","overlay-opacity":"","overlay-gradient":""},"mobile":{"background-color":"","background-image":"","background-repeat":"repeat","background-position":"center center","background-size":"auto","background-attachment":"scroll","background-type":"","background-media":"","overlay-type":"","overlay-color":"","overlay-opacity":"","overlay-gradient":""}},"ast-content-background-meta":{"desktop":{"background-color":"var(--ast-global-color-5)","background-image":"","background-repeat":"repeat","background-position":"center center","background-size":"auto","background-attachment":"scroll","background-type":"","background-media":"","overlay-type":"","overlay-color":"","overlay-opacity":"","overlay-gradient":""},"tablet":{"background-color":"var(--ast-global-color-5)","background-image":"","background-repeat":"repeat","background-position":"center center","background-size":"auto","background-attachment":"scroll","background-type":"","background-media":"","overlay-type":"","overlay-color":"","overlay-opacity":"","overlay-gradient":""},"mobile":{"background-color":"var(--ast-global-color-5)","background-image":"","background-repeat":"repeat","background-position":"center center","background-size":"auto","background-attachment":"scroll","background-type":"","background-media":"","overlay-type":"","overlay-color":"","overlay-opacity":"","overlay-gradient":""}},"ngg_post_thumbnail":0,"footnotes":""},"class_list":["post-258","page","type-page","status-publish","hentry"],"_links":{"self":[{"href":"https:\/\/koednitzhof.at\/gasthof\/index.php\/wp-json\/wp\/v2\/pages\/258","targetHints":{"allow":["GET"]}}],"collection":[{"href":"https:\/\/koednitzhof.at\/gasthof\/index.php\/wp-json\/wp\/v2\/pages"}],"about":[{"href":"https:\/\/koednitzhof.at\/gasthof\/index.php\/wp-json\/wp\/v2\/types\/page"}],"author":[{"embeddable":true,"href":"https:\/\/koednitzhof.at\/gasthof\/index.php\/wp-json\/wp\/v2\/users\/1"}],"replies":[{"embeddable":true,"href":"https:\/\/koednitzhof.at\/gasthof\/index.php\/wp-json\/wp\/v2\/comments?post=258"}],"version-history":[{"count":21,"href":"https:\/\/koednitzhof.at\/gasthof\/index.php\/wp-json\/wp\/v2\/pages\/258\/revisions"}],"predecessor-version":[{"id":1664,"href":"https:\/\/koednitzhof.at\/gasthof\/index.php\/wp-json\/wp\/v2\/pages\/258\/revisions\/1664"}],"wp:attachment":[{"href":"https:\/\/koednitzhof.at\/gasthof\/index.php\/wp-json\/wp\/v2\/media?parent=258"}],"curies":[{"name":"wp","href":"https:\/\/api.w.org\/{rel}","templated":true}]}}

Gästeinformationen &#8211; Das wichtigste auf einem Blick

<h5 class="wp-block-heading">Küchenbetrieb</h5>



<p>Unsere Küche ist von 12:00-14:00 Uhr und 18:00-21:00 Uhr. Dienstag haben wir Ruhetag. </p>



<h5 class="wp-block-heading">Frühstück</h5>



<p>Derzeit bieten wir unser Frühstück von 08:00 Uhr bis 10:00 Uhr an.</p>



<h5 class="wp-block-heading">Anreise</h5>



<p>Gerne begrüßen wir Sie bei uns im Haus von 14:00 Uhr bis 22:00 Uhr.</p>



<h5 class="wp-block-heading">Abreise</h5>



<p>Wir ersuchen Sie, am Abreisetag das Zimmer bis 10:00 Uhr freizugeben, und bitten Sie die Kosten für die Konsumationen und das Zimmer am Vortag der Abreise zu begleichen. Danach bewahren wir Ihr Gepäck gerne für Sie auf.</p>



<h5 class="wp-block-heading">Arzt und Apotheke</h5>



<p>Im Untergeschoss des Hauses besucht uns jeden Dienstag von 8:00 Uhr bis 11:00 Uhr Frau Dr. Silvia Weger.<br>Die nächstgelegene Apotheke ist die Tauernapotheke in Matrei in Osttirol. Diese befindet sich in der Tauerntalstraße 5 in 9971 Matrei in Osttirol.</p>



<h5 class="wp-block-heading">Bank</h5>



<p>Gegenüber befindet sich die Raiffeisenbank Kals.</p>



<h5 class="wp-block-heading">Flughafentransfer</h5>



<p>Wir arrangieren gerne ein Taxi für Sie mit unserem hauseigenen Fahrdienst. <br>(zusätzliche Kosten)</p>



<h5 class="wp-block-heading">Hunde</h5>



<p>Bei uns im Haus sind Hunde <strong>auf Anfrage</strong> gerne Willkommen. Hierfür fallen zusätzliche Gebühren an.</p>

<p>Küchenbetrieb Unsere Küche ist von 12:00-14:00 Uhr und 18:00-21:00 Uhr. Dienstag haben wir Ruhetag. Frühstück Derzeit bieten wir unser Frühstück von 08:00 Uhr bis 10:00 Uhr an. Anreise Gerne begrüßen wir Sie bei uns im Haus von 14:00 Uhr bis 22:00 Uhr. Abreise Wir ersuchen Sie, am Abreisetag das Zimmer bis 10:00 Uhr freizugeben, und [&hellip;]</p>
