{"id":399,"date":"2024-06-04T12:47:56","date_gmt":"2024-06-04T10:47:56","guid":{"rendered":"https:\/\/koednitzhof.at\/gasthof\/?page_id=399"},"modified":"2026-02-27T16:16:47","modified_gmt":"2026-02-27T15:16:47","slug":"busreisen-nach-kals","status":"publish","type":"page","link":"https:\/\/koednitzhof.at\/gasthof\/index.php\/busreisen-nach-kals\/","title":{"rendered":"Busreisen nach kals am Gro\u00dfglockner \/ osttirol"},"content":{"rendered":"\n<figure class=\"wp-block-image size-full\"><img loading=\"lazy\" decoding=\"async\" width=\"6144\" height=\"4096\" src=\"https:\/\/koednitzhof.at\/gasthof\/wp-content\/uploads\/2026\/01\/IMG_9394_5_6.jpg\" alt=\"\" class=\"wp-image-1583\"\/><\/figure>\n\n\n\n<p class=\"has-text-align-center\">In unserem Gasthof K\u00f6dnitzhof erwarten Sie gleich zwei besondere Wohlf\u00fchl-Orte: die gem\u00fctliche Zirbenstube f\u00fcr heimelige Stunden und ein gro\u00dfz\u00fcgiger, heller Speisesaal mit atemberaubendem Ausblick, perfekt f\u00fcr gr\u00f6\u00dfere Gruppen. Ob ein entspanntes Mittagessen oder ein s\u00fc\u00dfer Nachmittagskuchen \u2013 bei uns ist alles m\u00f6glich.<br><br>F\u00fcr Busreisen nach Osttirol und Kals stellen wir gerne eine sorgf\u00e4ltig zusammengestellte kleine Speisekarte mit hausgemachten K\u00f6stlichkeiten zusammen, die keine W\u00fcnsche offenl\u00e4sst. Lassen Sie sich und Ihre G\u00e4ste von uns und unserem engagierten Team kulinarisch verw\u00f6hnen \u2013 wir sorgen daf\u00fcr, dass jeder Besuch zu einem genussvollen Erlebnis wird.<br><br>Wir bitten um rechtzeitige telefonische oder schriftliche Reservierung unter <br><strong>Telefon <\/strong> +43 (0) 4876 8201 <br><strong>Mail <\/strong> gasthof@koednitzhof.at<br><br>Gasthof K\u00f6dnitzhof<br>zentral, gegen\u00fcber der Gemeinde und Pfarrkirche St. Rupert <br>K\u00f6dnitz 16<br>9981 Kals am Gro\u00dfglockner, Osttirol<br><br>Parkm\u00f6glichkeiten f\u00fcr den Bus in direkter Umgebung m\u00f6glich. <br><\/p>\n\n\n\n<figure class=\"wp-block-image aligncenter size-large\"><img loading=\"lazy\" decoding=\"async\" width=\"724\" height=\"1024\" src=\"https:\/\/koednitzhof.at\/gasthof\/wp-content\/uploads\/2024\/09\/Busreisenangebot-724x1024.png\" alt=\"\" class=\"wp-image-762\" srcset=\"https:\/\/koednitzhof.at\/gasthof\/wp-content\/uploads\/2024\/09\/Busreisenangebot-724x1024.png 724w, https:\/\/koednitzhof.at\/gasthof\/wp-content\/uploads\/2024\/09\/Busreisenangebot-212x300.png 212w, https:\/\/koednitzhof.at\/gasthof\/wp-content\/uploads\/2024\/09\/Busreisenangebot-768x1086.png 768w, https:\/\/koednitzhof.at\/gasthof\/wp-content\/uploads\/2024\/09\/Busreisenangebot-1086x1536.png 1086w, https:\/\/koednitzhof.at\/gasthof\/wp-content\/uploads\/2024\/09\/Busreisenangebot.png 1414w\" sizes=\"auto, (max-width: 724px) 100vw, 724px\" \/><\/figure>\n\n\n\n<p><\/p>\n\n\n","protected":false},"excerpt":{"rendered":"<p>In unserem Gasthof K\u00f6dnitzhof erwarten Sie gleich zwei besondere Wohlf\u00fchl-Orte: die gem\u00fctliche Zirbenstube f\u00fcr heimelige Stunden und ein gro\u00dfz\u00fcgiger, heller Speisesaal mit atemberaubendem Ausblick, perfekt f\u00fcr gr\u00f6\u00dfere Gruppen. Ob ein entspanntes Mittagessen oder ein s\u00fc\u00dfer Nachmittagskuchen \u2013 bei uns ist alles m\u00f6glich. F\u00fcr Busreisen nach Osttirol und Kals stellen wir gerne eine sorgf\u00e4ltig zusammengestellte kleine [&hellip;]<\/p>\n","protected":false},"author":1,"featured_media":0,"parent":0,"menu_order":0,"comment_status":"closed","ping_status":"closed","template":"","meta":{"site-sidebar-layout":"default","site-content-layout":"","ast-site-content-layout":"default","site-content-style":"default","site-sidebar-style":"default","ast-global-header-display":"","ast-banner-title-visibility":"","ast-main-header-display":"","ast-hfb-above-header-display":"","ast-hfb-below-header-display":"","ast-hfb-mobile-header-display":"","site-post-title":"","ast-breadcrumbs-content":"","ast-featured-img":"","footer-sml-layout":"","theme-transparent-header-meta":"","adv-header-id-meta":"","stick-header-meta":"","header-above-stick-meta":"","header-main-stick-meta":"","header-below-stick-meta":"","astra-migrate-meta-layouts":"set","ast-page-background-enabled":"default","ast-page-background-meta":{"desktop":{"background-color":"var(--ast-global-color-4)","background-image":"","background-repeat":"repeat","background-position":"center center","background-size":"auto","background-attachment":"scroll","background-type":"","background-media":"","overlay-type":"","overlay-color":"","overlay-opacity":"","overlay-gradient":""},"tablet":{"background-color":"","background-image":"","background-repeat":"repeat","background-position":"center center","background-size":"auto","background-attachment":"scroll","background-type":"","background-media":"","overlay-type":"","overlay-color":"","overlay-opacity":"","overlay-gradient":""},"mobile":{"background-color":"","background-image":"","background-repeat":"repeat","background-position":"center center","background-size":"auto","background-attachment":"scroll","background-type":"","background-media":"","overlay-type":"","overlay-color":"","overlay-opacity":"","overlay-gradient":""}},"ast-content-background-meta":{"desktop":{"background-color":"var(--ast-global-color-5)","background-image":"","background-repeat":"repeat","background-position":"center center","background-size":"auto","background-attachment":"scroll","background-type":"","background-media":"","overlay-type":"","overlay-color":"","overlay-opacity":"","overlay-gradient":""},"tablet":{"background-color":"var(--ast-global-color-5)","background-image":"","background-repeat":"repeat","background-position":"center center","background-size":"auto","background-attachment":"scroll","background-type":"","background-media":"","overlay-type":"","overlay-color":"","overlay-opacity":"","overlay-gradient":""},"mobile":{"background-color":"var(--ast-global-color-5)","background-image":"","background-repeat":"repeat","background-position":"center center","background-size":"auto","background-attachment":"scroll","background-type":"","background-media":"","overlay-type":"","overlay-color":"","overlay-opacity":"","overlay-gradient":""}},"ngg_post_thumbnail":0,"footnotes":""},"class_list":["post-399","page","type-page","status-publish","hentry"],"_links":{"self":[{"href":"https:\/\/koednitzhof.at\/gasthof\/index.php\/wp-json\/wp\/v2\/pages\/399","targetHints":{"allow":["GET"]}}],"collection":[{"href":"https:\/\/koednitzhof.at\/gasthof\/index.php\/wp-json\/wp\/v2\/pages"}],"about":[{"href":"https:\/\/koednitzhof.at\/gasthof\/index.php\/wp-json\/wp\/v2\/types\/page"}],"author":[{"embeddable":true,"href":"https:\/\/koednitzhof.at\/gasthof\/index.php\/wp-json\/wp\/v2\/users\/1"}],"replies":[{"embeddable":true,"href":"https:\/\/koednitzhof.at\/gasthof\/index.php\/wp-json\/wp\/v2\/comments?post=399"}],"version-history":[{"count":16,"href":"https:\/\/koednitzhof.at\/gasthof\/index.php\/wp-json\/wp\/v2\/pages\/399\/revisions"}],"predecessor-version":[{"id":1634,"href":"https:\/\/koednitzhof.at\/gasthof\/index.php\/wp-json\/wp\/v2\/pages\/399\/revisions\/1634"}],"wp:attachment":[{"href":"https:\/\/koednitzhof.at\/gasthof\/index.php\/wp-json\/wp\/v2\/media?parent=399"}],"curies":[{"name":"wp","href":"https:\/\/api.w.org\/{rel}","templated":true}]}}