{"id":636,"date":"2024-08-22T19:58:23","date_gmt":"2024-08-22T17:58:23","guid":{"rendered":"https:\/\/koednitzhof.at\/gasthof\/?page_id=636"},"modified":"2025-11-07T22:30:09","modified_gmt":"2025-11-07T21:30:09","slug":"ihr-sommerurlaub-in-kals-am-grossglockner","status":"publish","type":"page","link":"https:\/\/koednitzhof.at\/gasthof\/index.php\/ihr-sommerurlaub-in-kals-am-grossglockner\/","title":{"rendered":"Ihr Sommerurlaub in Kals am Gro\u00dfglockner"},"content":{"rendered":"\n<p class=\"has-text-align-center\">Erleben Sie bei uns in Kals einen unvergesslichen Bergsommer \u2013 mitten in einer atemberaubenden Natur, die Herz und Seele ber\u00fchrt.<br><br>Am Fu\u00dfe des majest\u00e4tischen Gro\u00dfglockners erwarten Sie saftig gr\u00fcne Almen, rauschende Wasserf\u00e4lle und der einzigartige Nationalpark Hohe Tauern \u2013 ein Paradies f\u00fcr Naturliebhaber, Abenteurer und alle, die die Ruhe der Berge genie\u00dfen m\u00f6chten.<br><br>Ob Sie als Wanderanf\u00e4nger die ersten Schritte auf Bergpfaden wagen oder als erfahrener Gipfelst\u00fcrmer die Herausforderung suchen, ob alleine, zu zweit oder mit der Familie \u2013 bei uns findet jeder seine pers\u00f6nliche Traumtour und Momente, die noch lange in Erinnerung bleiben.<br><br>Atmen Sie die klare Bergluft tief ein, lassen Sie sich von den regionalen K\u00f6stlichkeiten verw\u00f6hnen und sp\u00fcren Sie die herzliche Gastfreundschaft, die jeden Aufenthalt im K\u00f6dnitzhof zu etwas ganz Besonderem macht.<br><br>Wir freuen uns auf Sie!<\/p>\n\n\n\n<div class=\"wp-block-buttons is-content-justification-center is-layout-flex wp-container-core-buttons-is-layout-a89b3969 wp-block-buttons-is-layout-flex\">\n<div class=\"wp-block-button\"><a class=\"wp-block-button__link has-ast-global-color-2-color has-luminous-vivid-amber-background-color has-text-color has-background has-link-color has-text-align-center wp-element-button\" href=\"https:\/\/koednitzhof.at\/gasthof\/index.php\/angebote\/\"><strong>Jetzt<\/strong> <strong>Bergsommer buchen<\/strong><\/a><\/div>\n<\/div>\n\n\n\nngg_shortcode_0_placeholder\n","protected":false},"excerpt":{"rendered":"<p>Erleben Sie bei uns in Kals einen unvergesslichen Bergsommer \u2013 mitten in einer atemberaubenden Natur, die Herz und Seele ber\u00fchrt. Am Fu\u00dfe des majest\u00e4tischen Gro\u00dfglockners erwarten Sie saftig gr\u00fcne Almen, rauschende Wasserf\u00e4lle und der einzigartige Nationalpark Hohe Tauern \u2013 ein Paradies f\u00fcr Naturliebhaber, Abenteurer und alle, die die Ruhe der Berge genie\u00dfen m\u00f6chten. Ob Sie [&hellip;]<\/p>\n","protected":false},"author":1,"featured_media":0,"parent":0,"menu_order":0,"comment_status":"closed","ping_status":"closed","template":"","meta":{"site-sidebar-layout":"default","site-content-layout":"","ast-site-content-layout":"default","site-content-style":"default","site-sidebar-style":"default","ast-global-header-display":"","ast-banner-title-visibility":"","ast-main-header-display":"","ast-hfb-above-header-display":"","ast-hfb-below-header-display":"","ast-hfb-mobile-header-display":"","site-post-title":"","ast-breadcrumbs-content":"","ast-featured-img":"","footer-sml-layout":"","theme-transparent-header-meta":"","adv-header-id-meta":"","stick-header-meta":"","header-above-stick-meta":"","header-main-stick-meta":"","header-below-stick-meta":"","astra-migrate-meta-layouts":"set","ast-page-background-enabled":"default","ast-page-background-meta":{"desktop":{"background-color":"var(--ast-global-color-4)","background-image":"","background-repeat":"repeat","background-position":"center center","background-size":"auto","background-attachment":"scroll","background-type":"","background-media":"","overlay-type":"","overlay-color":"","overlay-opacity":"","overlay-gradient":""},"tablet":{"background-color":"","background-image":"","background-repeat":"repeat","background-position":"center center","background-size":"auto","background-attachment":"scroll","background-type":"","background-media":"","overlay-type":"","overlay-color":"","overlay-opacity":"","overlay-gradient":""},"mobile":{"background-color":"","background-image":"","background-repeat":"repeat","background-position":"center center","background-size":"auto","background-attachment":"scroll","background-type":"","background-media":"","overlay-type":"","overlay-color":"","overlay-opacity":"","overlay-gradient":""}},"ast-content-background-meta":{"desktop":{"background-color":"var(--ast-global-color-5)","background-image":"","background-repeat":"repeat","background-position":"center center","background-size":"auto","background-attachment":"scroll","background-type":"","background-media":"","overlay-type":"","overlay-color":"","overlay-opacity":"","overlay-gradient":""},"tablet":{"background-color":"var(--ast-global-color-5)","background-image":"","background-repeat":"repeat","background-position":"center center","background-size":"auto","background-attachment":"scroll","background-type":"","background-media":"","overlay-type":"","overlay-color":"","overlay-opacity":"","overlay-gradient":""},"mobile":{"background-color":"var(--ast-global-color-5)","background-image":"","background-repeat":"repeat","background-position":"center center","background-size":"auto","background-attachment":"scroll","background-type":"","background-media":"","overlay-type":"","overlay-color":"","overlay-opacity":"","overlay-gradient":""}},"ngg_post_thumbnail":0,"footnotes":""},"class_list":["post-636","page","type-page","status-publish","hentry"],"_links":{"self":[{"href":"https:\/\/koednitzhof.at\/gasthof\/index.php\/wp-json\/wp\/v2\/pages\/636","targetHints":{"allow":["GET"]}}],"collection":[{"href":"https:\/\/koednitzhof.at\/gasthof\/index.php\/wp-json\/wp\/v2\/pages"}],"about":[{"href":"https:\/\/koednitzhof.at\/gasthof\/index.php\/wp-json\/wp\/v2\/types\/page"}],"author":[{"embeddable":true,"href":"https:\/\/koednitzhof.at\/gasthof\/index.php\/wp-json\/wp\/v2\/users\/1"}],"replies":[{"embeddable":true,"href":"https:\/\/koednitzhof.at\/gasthof\/index.php\/wp-json\/wp\/v2\/comments?post=636"}],"version-history":[{"count":7,"href":"https:\/\/koednitzhof.at\/gasthof\/index.php\/wp-json\/wp\/v2\/pages\/636\/revisions"}],"predecessor-version":[{"id":1415,"href":"https:\/\/koednitzhof.at\/gasthof\/index.php\/wp-json\/wp\/v2\/pages\/636\/revisions\/1415"}],"wp:attachment":[{"href":"https:\/\/koednitzhof.at\/gasthof\/index.php\/wp-json\/wp\/v2\/media?parent=636"}],"curies":[{"name":"wp","href":"https:\/\/api.w.org\/{rel}","templated":true}]}}

Ihr Sommerurlaub in Kals am Großglockner

<p class="has-text-align-center">Erleben Sie bei uns in Kals einen unvergesslichen Bergsommer – mitten in einer atemberaubenden Natur, die Herz und Seele berührt.<br><br>Am Fuße des majestätischen Großglockners erwarten Sie saftig grüne Almen, rauschende Wasserfälle und der einzigartige Nationalpark Hohe Tauern – ein Paradies für Naturliebhaber, Abenteurer und alle, die die Ruhe der Berge genießen möchten.<br><br>Ob Sie als Wanderanfänger die ersten Schritte auf Bergpfaden wagen oder als erfahrener Gipfelstürmer die Herausforderung suchen, ob alleine, zu zweit oder mit der Familie – bei uns findet jeder seine persönliche Traumtour und Momente, die noch lange in Erinnerung bleiben.<br><br>Atmen Sie die klare Bergluft tief ein, lassen Sie sich von den regionalen Köstlichkeiten verwöhnen und spüren Sie die herzliche Gastfreundschaft, die jeden Aufenthalt im Ködnitzhof zu etwas ganz Besonderem macht.<br><br>Wir freuen uns auf Sie!</p>



<div class="wp-block-buttons is-content-justification-center is-layout-flex wp-container-core-buttons-is-layout-a89b3969 wp-block-buttons-is-layout-flex">
<div class="wp-block-button"><a class="wp-block-button__link has-ast-global-color-2-color has-luminous-vivid-amber-background-color has-text-color has-background has-link-color has-text-align-center wp-element-button" href="https://koednitzhof.at/gasthof/index.php/angebote/"><strong>Jetzt</strong> <strong>Bergsommer buchen</strong></a></div>
</div>



ngg_shortcode_0_placeholder

<p>Erleben Sie bei uns in Kals einen unvergesslichen Bergsommer – mitten in einer atemberaubenden Natur, die Herz und Seele berührt. Am Fuße des majestätischen Großglockners erwarten Sie saftig grüne Almen, rauschende Wasserfälle und der einzigartige Nationalpark Hohe Tauern – ein Paradies für Naturliebhaber, Abenteurer und alle, die die Ruhe der Berge genießen möchten. Ob Sie [&hellip;]</p>
